Let z(p) = -18*p - 920. Give z(-35).
-290
Let l(h) = -h**3 - 33*h**2 - 42*h + 99. Determine l(-31).
-521
Let o(w) = w**3 - 10*w**2 - 14*w + 6. What is o(11)?
-27
Let r(m) = -14*m + 1021. Calculate r(34).
545
Let j(u) = -u**3 + 31*u**2 - 230*u - 66. Give j(18).
6
Let b(s) = -60*s + 1342. What is b(10)?
742
Let l(m) = -3*m**3 - 29*m**2 - 13*m + 31. What is l(-8)?
-185
Let z(v) = -v**3 + v**2 + 142*v - 669. Give z(6).
3
Let u(l) = 11*l**2 - 60*l + 24. Calculate u(3).
-57
Let k(p) = -31*p + 127. What is k(4)?
3
Let b(y) = -y**3 + 8*y**2 - 10*y + 7. What is b(8)?
-73
Let i(w) = -7*w - 91. What is i(-6)?
-49
Let w(v) = 4*v**3 + 6*v**2 + 10*v + 33. Calculate w(-3).
-51
Let z(x) = 2*x**3 - 268*x**2 + 7*x - 963. Give z(134).
-25
Let d(p) = -p**3 + 18*p**2 - 309*p + 2285. Determine d(10).
-5
Let b(w) = -67*w + 313. What is b(4)?
45
Let v(n) = -n**2 + 20*n + 144. Determine v(35).
-381
Let f(a) = 106*a**2 - 10*a - 2. What is f(-1)?
114
Let j(q) = -q**3 - 27*q**2 + 190*q + 8. What is j(6)?
-40
Let z(f) = -f**3 + 4*f**2 + 26*f + 9. Determine z(6).
93
Let o(q) = 14*q**3 - 9*q**2 + 21*q + 44. Calculate o(-2).
-146
Let i(s) = 9*s**2 - 9. Give i(0).
-9
Let t(f) = f**3 + 10*f**2 - 301*f - 44. Give t(-23).
2
Let m(y) = y**2 - 11*y + 11. What is m(6)?
-19
Let z(d) = -422*d - 2530. Give z(-6).
2
Let s(g) = -42*g - 2884. Calculate s(-65).
-154
Let f(i) = 2*i**3 + 248*i**2 - 248*i + 248. What is f(-125)?
-2
Let z(o) = -219*o - 659. Give z(-3).
-2
Let f(c) = c**3 - 2*c**2 - 11*c + 90. Give f(6).
168
Let w(m) = -m**3 - 4*m**2 + 5*m + 27. What is w(4)?
-81
Let y(c) = -10*c**3 - 81*c**2 - 10*c - 10. What is y(-8)?
6
Let j(q) = q**3 - 44*q**2 - 4*q + 245. Give j(44).
69
Let s(v) = v**3 + 47*v**2 + 471*v + 142. Give s(-33).
-155
Let b(p) = 155*p - 68200. Give b(440).
0
Let k(h) = 293*h - 836. Calculate k(3).
43
Let o(i) = 7*i - 46. Calculate o(-6).
-88
Let l(m) = -76*m + 13065. Give l(172).
-7
Let c(l) = -2*l**2 - 15*l - 170. Calculate c(-7).
-163
Let c(u) = u**2 - 421*u + 43489. Calculate c(239).
-9
Let f(j) = -860*j + 23229. What is f(27)?
9
Let h(x) = -4*x**3 - x**2 - 21*x - 12. Calculate h(0).
-12
Let j(b) = -6*b**2 - 4*b + 131. Give j(7).
-191
Let k(b) = 6*b**2 + 12*b - 10. What is k(1)?
8
Let a(k) = k**3 - 23*k**2 - 53*k + 243. What is a(25)?
168
Let i(l) = -2*l**2 + 206*l - 4834. What is i(67)?
-10
Let v(o) = o**3 - 16*o**2 - 89*o + 1226. Determine v(17).
2
Let q(k) = -61*k - 1101. What is q(-18)?
-3
Let t(k) = -6*k**2 + 246*k - 183. Determine t(40).
57
Let a(m) = m**2 - 223*m + 2921. Give a(14).
-5
Let m(a) = -a**3 + 11*a**2 + 33*a - 29. What is m(13)?
62
Let c(o) = 2338*o - 7014. Determine c(3).
0
Let m(w) = -w**2 + 47*w + 106. Determine m(50).
-44
Let o(t) = 101*t - 354. Determine o(4).
50
Let m(r) = -r**2 - 26*r - 53. Determine m(-30).
-173
Let l(x) = -3*x**2 - 22*x - 12. Determine l(-10).
-92
Let p(n) = n**3 - 36*n**2 - 639*n - 34. What is p(-13)?
-8
Let a(j) = -14*j**2 - 6*j + 62. Calculate a(2).
-6
Let z(o) = 163*o - 3909. What is z(24)?
3
Let o(i) = 53*i + 264. Calculate o(-5).
-1
Let l(j) = 106*j + 3711. Determine l(-35).
1
Let w(g) = -139*g**2 - 10*g - 9. Give w(-1).
-138
Let z(s) = s**3 - 15*s**2 - 68*s + 266. Determine z(18).
14
Let o(w) = 5*w + 388. Determine o(-45).
163
Let u(k) = -5*k**3 + 5*k**2 + 12*k + 10. Give u(-2).
46
Let a(z) = -z**2 + 31*z + 54. What is a(33)?
-12
Let d(m) = 5*m**2 - 106*m + 19. What is d(21)?
-2
Let s(r) = -25*r**2 + 290*r + 113. Calculate s(12).
-7
Let o(g) = g**2 - 116*g + 3350. Give o(54).
2
Let v(w) = 37*w**2 + 162*w - 10. Calculate v(-4).
-66
Let y(b) = 2*b**2 + 23*b - 422. Calculate y(-25).
253
Let s(v) = -390*v + 1951. Give s(5).
1
Let z(c) = 490*c - 20042. Determine z(41).
48
Let t(z) = -3*z**2 - 339*z - 1638. Determine t(-5).
-18
Let i(m) = 3*m**3 - 37*m**2 + 4*m + 4. What is i(0)?
4
Let s(p) = -p**2 - 44*p - 386. Give s(-11).
-23
Let w(r) = -r**3 - 36*r**2 - 33*r + 40. Calculate w(-35).
-30
Let p(i) = i**3 + 4*i**2 + 6*i + 59. Calculate p(-6).
-49
Let g(o) = -444*o + 42610. What is g(96)?
-14
Let v(c) = 2*c**2 - 13*c - 40. Calculate v(8).
-16
Let p(l) = l**2 - 149*l - 3304. What is p(-20)?
76
Let h(z) = -5*z**3 - 14*z**2 - z - 4. Calculate h(-4).
96
Let n(s) = s**3 + 57*s**2 - 175*s + 266. Determine n(-60).
-34
Let n(o) = o**3 + 7*o**2 + 49*o + 116. Give n(-4).
-32
Let o(n) = 51*n**2 + 689*n - 21. Calculate o(-14).
329
Let m(c) = -5*c + 192. Determine m(32).
32
Let x(v) = -2*v**2 - 38*v + 1. What is x(-24)?
-239
Let f(l) = -l**3 - 2*l**2 + 21*l - 4. Calculate f(4).
-16
Let c(j) = -4*j - 166. Determine c(-21).
-82
Let h(w) = -57*w**2 - 282*w + 17. Calculate h(-5).
2
Let y(o) = -19*o**3 + 169*o**2 - 135*o - 30. What is y(8)?
-22
Let k(n) = 45*n**3 + 360*n**2 + n + 4. What is k(-8)?
-4
Let p(i) = -170*i + 866. Give p(5).
16
Let w(r) = -r**3 - 3*r**2 - 17*r - 17. What is w(0)?
-17
Let n(m) = -7*m**2 - 152*m + 214. Calculate n(-24).
-170
Let x(g) = -35*g - 453. Calculate x(-12).
-33
Let r(l) = 30*l - 1143. What is r(38)?
-3
Let s(v) = -v**2 - 25*v - 97. Determine s(-16).
47
Let a(p) = -120*p + 1710. Calculate a(14).
30
Let x(r) = r**3 + 29*r**2 - 21*r - 85. Determine x(-29).
524
Let a(m) = -m**2 + 11*m - 62. Calculate a(8).
-38
Let o(d) = 62*d - 281. Determine o(-3).
-467
Let w(r) = -2*r**3 + 64*r**2 + 93*r - 890. Give w(33).
1
Let t(h) = 387*h**2 + 3112*h + 136. Determine t(-8).
8
Let o(u) = 17*u**2 - 153*u + 234. Calculate o(7).
-4
Let j(o) = -o**2 + 116*o - 2541. Determine j(29).
-18
Let p(z) = -z**3 + 26*z**2 - 49*z + 29. Calculate p(24).
5
Let u(g) = 34*g + 918. Calculate u(5).
1088
Let d(b) = -165*b**2 + 30*b - 28. Calculate d(1).
-163
Let y(g) = -54*g + 416. Give y(18).
-556
Let w(l) = 118*l - 20. Determine w(-2).
-256
Let m(l) = 48*l - 3649. Determine m(77).
47
Let r(v) = 2*v**3 - v**2 - 2*v + 55. Give r(0).
55
Let g(y) = -3*y**2 + 93*y - 726. Give g(15).
-6
Let w(c) = -c**2 + 24*c - 104. What is w(4)?
-24
Let b(a) = 114*a + 1138. Determine b(-10).
-2
Let o(y) = -2*y**3 - 12*y**2 + 27*y - 35. What is o(-8)?
5
Let g(w) = 37*w - 191. Determine g(7).
68
Let t(s) = 2*s**2 - 78*s - 1228. Give t(51).
-4
Let a(q) = q**3 + 36*q**2 - 62*q - 38. What is a(-37)?
887
Let o(r) = -2*r**2 - 29*r + 132. Calculate o(6).
-114
Let j(g) = -12*g**2 + 103*g - 220. Calculate j(5).
-5
Let z(w) = 7*w**2 + 3*w + 10. Calculate z(0).
10
Let t(x) = -417*x - 628. What is t(-2)?
206
Let n(r) = -5*r**2 + 3843*r + 42875. What is n(-11)?
-3
Let c(n) = -4*n**3 + 26*n**2 - 189*n + 572. Determine c(4).
-24
Let p(f) = 8*f**2 + 403*f + 798. What is p(-2)?
24
Let z(w) = -2*w**2 - 42*w + 89. Calculate z(-28).
-303
Let z(w) = 19*w + 55. What is z(-2)?
17
Let f(r) = 45*r**3 - 6*r**2 + 18*r - 12. Give f(1).
45
Let g(o) = o**3 - 62*o**2 - 283*o - 21. Give g(66).
-1275
Let a(h) = 12*h**2 - 54*h + 40. Give a(4).
16
Let n(s) = s**2 + 45*s + 358. Give n(-12).
-38
Let z(r) = 24*r - 174. Determine z(3).
-102
Let q(l) = l**2 - 308*l + 17635. Determine q(76).
3
Let w(c) = -6*c**2 - 185*c + 189. Determine w(-32).
-35
Let c(i) = i**2 - 44*i + 445. Give c(16).
-3
Let n(k) = -k**2 - 8*k - 110. Give n(0).
-110
Let o(f) = -231*f - 711. What is o(-4)?
213
Let v(d) = 56*d**2 + 34*d - 33. Calculate v(1).
57
Let v(n) = n**2 + 161*n + 1798. Determine v(-149).
10
Let j(b) = 288*b + 10080. What is j(-35)?
0
Let a(x) = x**3 - 11*x**2 - 25*x + 10. What is a(13)?
23
Let r(g) = -g**3 - g**2 - 112*g - 630. Give r(-5).
30
Let q(v) = 472*v - 24069. Give q(51).
3
Let a(h) = 7*h + 13. Calculate a(-64).
-435
Let y(v) = -v**3 + 3*v**2 + 217*v + 424. Give y(-2).
10
Let d(m) = 5*m**2 - 5*m - 14. Give d(-6).
196
Let z(y) = 8*y + 89. Calculate z(-10).
9
Let k(u) = -82*u - 460. Calculate k(-5).
-50
Let z(o) = o**2 + 72*o + 472. Give z(-63).
-95
Let g(n) = -1511*n + 16617. Give g(11).
-4
Let k(y) = 488*y - 106378. What is k(218)?
6
Let n(y) = -3*y**2 - 5*y - 93. Give n(-7).
-205
Let j(o) = -3*o + 30. Give j(11).
-3
Let c(q) = q**3 - 18*q**2 + 25*q - 32. What is c(16)?
-144
Let d(v) = 9*v**2 - 226*v + 28. Calculate d(25).
3
Let o(j) = -j**3 - 19*j**2 + 162*j + 312. Calculate o(-25).
12
Let w(m) = 20*m - 1079. What is w(51)?
-59
Let l(o) = o**2 + 24*o + 126. Calculate l(-14).
-14
Let u(q) = -q**2 - 37*q + 1301. Determine u(22).
3
Let l(q) = -81*q**3 + 11*q**2 + 12*q + 1. Give l(-1).
81
Let m